{"id":5946,"date":"2022-07-19T17:13:30","date_gmt":"2022-07-19T15:13:30","guid":{"rendered":"https:\/\/www.holgerkuesters.com\/?page_id=5946"},"modified":"2025-01-03T13:13:28","modified_gmt":"2025-01-03T12:13:28","slug":"about-me","status":"publish","type":"page","link":"https:\/\/www.holgerkuesters.com\/?page_id=5946","title":{"rendered":"About Us"},"content":{"rendered":"<div class=\"standard_wrapper\">\n<div  class=\"one\" style=\"padding:30px 0 30px 0;\" >\n<div class=\"page_content_wrapper\">\n<div class=\"inner\">\n<div class=\"image_classic_frame expand\">\n<div class=\"image_wrapper\"><img decoding=\"async\" src=\"https:\/\/www.holgerkuesters.com\/wp-content\/uploads\/2024\/10\/wir2-web-300x240.jpg\" alt=\"\" class=\"preview\"\/><\/div>\n<\/div>\n<\/div>\n<\/div>\n<\/div>\n<\/div>\n<div class=\"standard_wrapper\">\n<div  class=\"one_half withsmallpadding ppb_text\" style=\"padding:30px 0 30px 0;\" >\n<div class=\"standard_wrapper\">\n<div class=\"page_content_wrapper\">\n<div class=\"inner\">\n<div style=\"margin:auto;width:100%\">\n<h4 style=\"text-align: justify;\">Holger<\/h4>\n<p style=\"text-align: justify;\">Biografie:<\/p>\n<p style=\"text-align: justify;\">1974 in Duisburg-Homberg geboren, aufgewachsen in Unna (n\u00e4he Dortmund), zwischen durch wohnte ich in verschiedenen St\u00e4dten und bin 2011 nach Unna zur\u00fcckgekehrt.<\/p>\n<p style=\"text-align: justify;\">1994 habe ich meine Ausbildung zum Energieelektroniker beendet, anschlie\u00dfend absolvierte ich den Wehrdienst und k\u00fcmmere mich seit 1995 um Nullen und Einsen.<\/p>\n<p style=\"text-align: justify;\">Meine erworbene Titel sind z.B. Seepferdchen, Erstkommunion und andere, aber die tun nichts zur Sache. Deswegen ist niemand hier auf dieser Seite.<\/p>\n<p style=\"text-align: justify;\">Hobbys hab ich tats\u00e4chlich auch wie z.B. Feuriges Kochen (Grillen), Radtouren, Kreativen Shit, Weinkunde,&#8230;<\/p>\n<p style=\"text-align: justify;\">Seit meiner Jugend habe ich mit einer Kompaktkamera Urlaubs- und Tierfotos erstellt. 2011 fragte mich ein Bekannter, ob ich Interesse an einem Portrait Workshop h\u00e4tte. Ich wusste nicht so recht, habe mich auf das Abenteuer aber eingelassen. Was soll ich sagen&#8230;. Ab diesem Zeitpunkt entwickelte sich der Schwerpunkt Peoplefotografie sowie der Hochzeitsfotografie. Nicht wegen der Technik, sondern wer meine Fotos kennt, wei\u00df das ich es liebe mit \u201eLicht zu malen\u201c um Stimmungen und Bildstile zu kreieren. Ich m\u00f6chte mit meinen Bildern ber\u00fchren und inspirieren. Das Bild soll Geschichten erz\u00e4hlen \/ Leben, Emotionen erwecken und Erinnerungen geben. Mein Wissen habe ich mir Autodidaktisch angeeignet und sp\u00e4ter durch diverse Workshops, Kurse und Weiterbildungen erweitert, dennoch lerne und erweitere ich laufend meine Kenntnisse und die besten Ideen kommen am Abend in der Natur mit einem leckeren Wein.<\/p>\n<div style=\"margin-top: 20px;\">\n<div class=\"one_half \" style=\"\">\n<strong>Fine Art<\/strong><br \/>\n<strong>Portaits<\/strong><br \/>\n<strong>Babybauch<\/strong><br \/>\n<strong>Kids<\/strong><\/div>\n<div><\/div>\n<div class=\"one_half last \" style=\"\"><\/div>\n<div><strong>Coachings<\/strong><\/div>\n<div><strong>Workshops<\/strong><\/div>\n<div><strong>Business<\/strong><\/div>\n<div><strong>Hochzeit \/ JGA<\/strong><\/div>\n<div><strong>Tierfotografie<\/strong>\n<\/div>\n<p><br class=\"clear\"\/><\/div>\n<div><\/div>\n<div><\/div>\n<div><\/div>\n<div><\/div>\n<\/div>\n<\/div>\n<\/div>\n<\/div>\n<\/div>\n<\/div>\n<div class=\"standard_wrapper\">\n<div  class=\"one_half last withsmallpadding ppb_text\" style=\"padding:30px 0 30px 0;\" >\n<div class=\"standard_wrapper\">\n<div class=\"page_content_wrapper\">\n<div class=\"inner\">\n<div style=\"margin:auto;width:100%\">\n<h4 style=\"text-align: justify;\">Tanja<\/h4>\n<p style=\"text-align: justify;\">Biografie:<\/p>\n<p style=\"text-align: justify;\">1974 in Witten geboren<\/p>\n<p style=\"text-align: justify;\">Meine Hobbys sind Radtouren, Zeit mit meinen Lieben verbringen<\/p>\n<p style=\"text-align: justify;\">Seit ich Holger kenne, bin ich die Assistentin zum helfen, richten von Kleidungsst\u00fccken und habe die ein oder anderen Idee mit eingebracht bei den Fotoshootings.<\/p>\n<p style=\"text-align: justify;\">Frauen verstehen Frauen halt manchmal besser &#x1f600;<\/p>\n<p style=\"text-align: justify;\">Da ich noch nicht lang mit dem Thema Fotografie vertraut bin aber mein Interesse vorhanden ist, hilft Holger mir dort immer mehr rein zu wachsen.<\/p>\n<div><\/div>\n<div><\/div>\n<\/div>\n<\/div>\n<\/div>\n<\/div>\n<\/div>\n<\/div>\n<div  class=\"one withsmallpadding ppb_text\" style=\"padding:30px 0 30px 0;\" >\n<div class=\"standard_wrapper\">\n<div class=\"page_content_wrapper\">\n<div class=\"inner\">\n<div style=\"margin:auto;width:100%\">\n<h3>Working&#8230;<\/h3>\n<\/div>\n<\/div>\n<\/div>\n<\/div>\n<\/div>\n<div  class=\"one\">\n<div class=\"standard_wrapper\">\n<div id=\"17359064081830878542\" data-gallery-id=\"5852\" data-items=\"0\" data-columns=\"3\" data-gutter=\"30\" data-type=\"masonry\" data-layout=\"contain\" class=\"portfolio_filter_wrapper masonry infinite_grid portfolio-content content gallery three_cols contain\" data-columns=\"3\">\n<div class=\"element masonry  classic3_cols kenburns\">\n<div class=\"one_third gallery3 static filterable gallery_type animated1\"><a data-rel=\"photography_gallery_5852\" data-title=\"\" data-desc=\"\" data-thumb=\"https:\/\/www.holgerkuesters.com\/wp-content\/uploads\/2022\/07\/makof1-266x300.jpg\" href=\"https:\/\/www.holgerkuesters.com\/wp-content\/uploads\/2022\/07\/makof1.jpg\"  class=\"fancy-gallery\"><img decoding=\"async\" src=\"https:\/\/www.holgerkuesters.com\/wp-content\/uploads\/2022\/07\/makof1-705x794.jpg\" alt=\"\" class=\"preview\"\/><\/a><\/div>\n<\/div>\n<div class=\"element masonry  classic3_cols kenburns\">\n<div class=\"one_third gallery3 static filterable gallery_type animated2\"><a data-rel=\"photography_gallery_5852\" data-title=\"\" data-desc=\"\" data-thumb=\"https:\/\/www.holgerkuesters.com\/wp-content\/uploads\/2022\/07\/IMG_0877-300x200.jpeg\" href=\"https:\/\/www.holgerkuesters.com\/wp-content\/uploads\/2022\/07\/IMG_0877.jpeg\"  class=\"fancy-gallery\"><img decoding=\"async\" src=\"https:\/\/www.holgerkuesters.com\/wp-content\/uploads\/2022\/07\/IMG_0877-705x469.jpeg\" alt=\"\" class=\"preview\"\/><\/a><\/div>\n<\/div>\n<div class=\"element masonry  classic3_cols kenburns\">\n<div class=\"one_third gallery3 static filterable gallery_type animated3\"><a data-rel=\"photography_gallery_5852\" data-title=\"\" data-desc=\"\" data-thumb=\"https:\/\/www.holgerkuesters.com\/wp-content\/uploads\/2022\/07\/fofotdateIMG_6255-300x200.jpg\" href=\"https:\/\/www.holgerkuesters.com\/wp-content\/uploads\/2022\/07\/fofotdateIMG_6255.jpg\"  class=\"fancy-gallery\"><img decoding=\"async\" src=\"https:\/\/www.holgerkuesters.com\/wp-content\/uploads\/2022\/07\/fofotdateIMG_6255-705x470.jpg\" alt=\"\" class=\"preview\"\/><\/a><\/div>\n<\/div>\n<div class=\"element masonry  classic3_cols kenburns\">\n<div class=\"one_third gallery3 static filterable gallery_type animated4\"><a data-rel=\"photography_gallery_5852\" data-title=\"\" data-desc=\"\" data-thumb=\"https:\/\/www.holgerkuesters.com\/wp-content\/uploads\/2022\/07\/IMG_0879-300x200.jpeg\" href=\"https:\/\/www.holgerkuesters.com\/wp-content\/uploads\/2022\/07\/IMG_0879.jpeg\"  class=\"fancy-gallery\"><img decoding=\"async\" src=\"https:\/\/www.holgerkuesters.com\/wp-content\/uploads\/2022\/07\/IMG_0879-705x469.jpeg\" alt=\"\" class=\"preview\"\/><\/a><\/div>\n<\/div>\n<div class=\"element masonry  classic3_cols kenburns\">\n<div class=\"one_third gallery3 static filterable gallery_type animated5\"><a data-rel=\"photography_gallery_5852\" data-title=\"\" data-desc=\"\" data-thumb=\"https:\/\/www.holgerkuesters.com\/wp-content\/uploads\/2022\/07\/fofotdateIMG_3036-1-200x300.jpg\" href=\"https:\/\/www.holgerkuesters.com\/wp-content\/uploads\/2022\/07\/fofotdateIMG_3036-1.jpg\"  class=\"fancy-gallery\"><img decoding=\"async\" src=\"https:\/\/www.holgerkuesters.com\/wp-content\/uploads\/2022\/07\/fofotdateIMG_3036-1-705x1058.jpg\" alt=\"\" class=\"preview\"\/><\/a><\/div>\n<\/div>\n<div class=\"element masonry  classic3_cols kenburns\">\n<div class=\"one_third gallery3 static filterable gallery_type animated6\"><a data-rel=\"photography_gallery_5852\" data-title=\"\" data-desc=\"\" data-thumb=\"https:\/\/www.holgerkuesters.com\/wp-content\/uploads\/2022\/07\/fofotdateIMG_5285-300x169.jpg\" href=\"https:\/\/www.holgerkuesters.com\/wp-content\/uploads\/2022\/07\/fofotdateIMG_5285.jpg\"  class=\"fancy-gallery\"><img decoding=\"async\" src=\"https:\/\/www.holgerkuesters.com\/wp-content\/uploads\/2022\/07\/fofotdateIMG_5285-705x397.jpg\" alt=\"\" class=\"preview\"\/><\/a><\/div>\n<\/div>\n<\/div>\n<\/div>\n<\/div>\n","protected":false},"excerpt":{"rendered":"","protected":false},"author":1,"featured_media":0,"parent":0,"menu_order":0,"comment_status":"closed","ping_status":"closed","template":"","meta":{"footnotes":""},"class_list":["post-5946","page","type-page","status-publish","hentry"],"aioseo_notices":[],"_links":{"self":[{"href":"https:\/\/www.holgerkuesters.com\/index.php?rest_route=\/wp\/v2\/pages\/5946","targetHints":{"allow":["GET"]}}],"collection":[{"href":"https:\/\/www.holgerkuesters.com\/index.php?rest_route=\/wp\/v2\/pages"}],"about":[{"href":"https:\/\/www.holgerkuesters.com\/index.php?rest_route=\/wp\/v2\/types\/page"}],"author":[{"embeddable":true,"href":"https:\/\/www.holgerkuesters.com\/index.php?rest_route=\/wp\/v2\/users\/1"}],"replies":[{"embeddable":true,"href":"https:\/\/www.holgerkuesters.com\/index.php?rest_route=%2Fwp%2Fv2%2Fcomments&post=5946"}],"version-history":[{"count":14,"href":"https:\/\/www.holgerkuesters.com\/index.php?rest_route=\/wp\/v2\/pages\/5946\/revisions"}],"predecessor-version":[{"id":6734,"href":"https:\/\/www.holgerkuesters.com\/index.php?rest_route=\/wp\/v2\/pages\/5946\/revisions\/6734"}],"wp:attachment":[{"href":"https:\/\/www.holgerkuesters.com\/index.php?rest_route=%2Fwp%2Fv2%2Fmedia&parent=5946"}],"curies":[{"name":"wp","href":"https:\/\/api.w.org\/{rel}","templated":true}]}}